 to base 4
-202121200
What is -405283 (base 11) in base 3?
-1020002021020
Convert -121300 (base 8) to base 7.
-232320
1215450001 (base 6) to base 14
1c017d7
What is 141400 (base 10) in base 12?
699b4
Convert -3233503 (base 6) to base 12.
-78893
Convert -2056466 (base 8) to base 4.
-2011310312
Convert -227c0 (base 13) to base 9.
-105188
Convert 32b881 (base 12) to base 13.
223b52
Convert 111010011111001101 (base 2) to base 7.
2015304
What is 574117 (base 10) in base 6?
20145541
What is 435345052 (base 6) in base 3?
112201100122012
Convert 3034102 (base 6) to base 13.
50b73
-107248 (base 10) to base 14
-2b128
504416 (base 7) to base 14
232b6
What is -5010221 (base 6) in base 3?
-102220220011
Convert 1000020201122 (base 3) to base 6.
15255025
What is -229a9a (base 16) in base 7?
-25163445
-102123102 (base 4) to base 6
-1341230
Convert 13001004 (base 6) to base 11.
267711
Convert -28747 (base 15) to base 6.
-2441204
What is -18142205 (base 9) in base 3?
-122011102020012
What is -178b29 (base 12) in base 4?
-1203331101
30200231 (base 4) to base 16
c82d
-11100110010110000 (base 2) to base 5
-12233221
10531254 (base 6) to base 3
121102002221
What is -1b187 (base 16) in base 5?
-12022413
Convert 60836 (base 9) to base 5.
2240142
Convert 260599 (base 10) to base 13.
91801
-3a6044 (base 11) to base 4
-2123222131
Convert -61127 (base 9) to base 6.
-510041
What is -300313243 (base 5) in base 8?
-4405163
100001001120001 (base 3) to base 14
8d0919
Convert -908da6 (base 15) to base 9.
-13822233
Convert 539ab3 (base 13) to base 8.
7373355
What is -c632c (base 13) in base 6?
-11350135
34444203 (base 6) to base 15
160259
What is -16004630 (base 7) in base 4?
-11311303310
Convert -141011102 (base 5) to base 7.
-6054514
Convert 1000101111001011 (base 2) to base 6.
433403
1313351350 (base 6) to base 16
ed8712
What is 2062450 (base 7) in base 11?
161328
Convert 30102321301 (base 4) to base 15.
43a01d
7e55e (base 15) to base 3
202110120222
-176212 (base 10) to base 5
-21114322
-48c6f (base 16) to base 12
-124613
Convert 815d35 (base 14) to base 9.
8171110
Convert 30439 (base 12) to base 11.
43228
-101032011 (base 4) to base 16
-11385
Convert -15307445 (base 8) to base 2.
-1101011000111100100101
Convert 10101022002000 (base 3) to base 13.
4abc4a
Convert -4de19 (base 15) to base 13.
-89781
What is -7e957f (base 16) in base 15?
-add03c
27438 (base 11) to base 2
1001100011010100
What is 974491 (base 11) in base 13?
42710c
What is 117d3d (base 16) in base 7?
12512420
What is -1005226 (base 8) in base 16?
-40a96
Convert 4e6ff (base 16) to base 7.
2505450
122314033 (base 5) to base 12
244797
Convert 22334240 (base 5) to base 8.
605230
Convert -202222121002020 (base 3) to base 10.
-11152302
-22210112 (base 4) to base 11
-2a581
What is 1011000100001100110 (base 2) in base 11?
228475
What is -1310021201 (base 5) in base 8?
-14162707
Convert -220021112212 (base 3) to base 13.
-1396a3
1113756 (base 8) to base 7
2362443
What is 121103021 (base 4) in base 14?
29a9b
Convert -14313201 (base 6) to base 13.
-142b8b
Convert 131131302 (base 4) to base 16.
1d772
3264046 (base 7) to base 3
202102221201
-65380c (base 14) to base 12
-1194344
What is -1443220204 (base 5) in base 10?
-3882554
What is 413947 (base 11) in base 15?
d1b03
5084405 (base 12) to base 16
e67545
What is 84620 (base 11) in base 16?
1e140
-8971 (base 12) to base 3
-202212011
Convert -1e1139 (base 16) to base 10.
-1970489
Convert 120221102220 (base 3) to base 4.
1030212333
-3ed9d (base 16) to base 11
-166464
-25323271 (base 8) to base 7
-65466064
-5d696 (base 16) to base 2
-1011101011010010110
Convert 2102120012 (base 3) to base 6.
1005135
-2110021021221 (base 3) to base 10
-1304395
-2fa52a (base 16) to base 4
-23322110222
-42546 (base 11) to base 2
-1111000110111001
What is 102103 (base 7) in base 2?
100010010001001
Convert -220080 (base 13) to base 11.
-4a6a02
What is 13232302021 (base 5) in base 10?
16681511
-431058 (base 11) to base 15
-d9481
122113123 (base 4) to base 9
174124
What is -77887 (base 9) in base 10?
-51757
What is -162c1 (base 13) in base 6?
-523314
Convert 4b4ab0 (base 13) to base 9.
3357721
Convert 18255796 (base 10) to base 4.
1011220332310
3298a (base 13) to base 8
263100
Convert 1131338 (base 9) to base 6.
21033312
-15630 (base 16) to base 9
-143143
What is -171e4e (base 16) in base 9?
-2758268
-25224120 (base 7) to base 13
-618780
2223bb (base 12) to base 4
2010212333
Convert 1d215 (base 14) to base 15.
17119
-110111110010100011001 (base 2) to base 6
-103103305
4702909 (base 10) to base 13
c887b3
Convert -731404 (base 8) to base 13.
-8646c
-120277 (base 8) to base 13
-15966
Convert 106414353 (base 7) to base 6.
352114253
Convert -26995 (base 11) to base 9.
-57674
Convert 629a2 (base 12) to base 6.
2434322
-11101100011100011 (base 2) to base 7
-1012641
25245155 (base 6) to base 5
202040124
Convert 4204325 (base 6) to base 15.
402e5
Convert -13616 (base 14) to base 6.
-1005300
What is 11100101102 (base 3) in base 15?
1a54e
b8a89 (base 13) to base 3
121221112201
3b2600 (base 12) to base 2
11101110111111100000
Convert -409ac (base 14) to base 10.
-155580
Convert -110121120211111 (base 3) to base 13.
-1509430
-1d43f (base 16) to base 6
-2322543
Convert -1010011200100 (base 3) to base 15.
-bae86
What is -14540 (base 16) in base 8?
-242500
5012041 (base 6) to base 8
713031
86a030 (base 14) to base 9
8520830
Convert -77f45 (base 16) to base 13.
-14283b
Convert 3301134 (base 5) to base 15.
11ab4
Convert -1002772 (base 11) to base 12.
-717351
Convert -b0a266 (base 12) to base 2.
-1010100000100011101110
Convert 1bf0b (base 16) to base 11.
78a8a
10111110111111001 (base 2) to base 16
17df9
Convert 314353 (base 8) to base 15.
2103d
Convert -50002441 (base 8) to base 9.
-21653503
What is bcae (base 16) in base 4?
23302232
What is -12858a (base 13) in base 7?
-3541030
Convert 2ba84 (base 15) to base 14.
39417
Convert -1402434 (base 7) to base 16.
-2d5b8
What is -2415b0 (base 13) in base 5?
-210010030
-2a92aa (base 11) to base 16
-75655
3ed404 (base 15) to base 11
17907aa
665112 (base 7) to base 16
1c91d
27072420 (base 8) to base 14
b3a29a
10143502 (base 9) to base 14
90b144
-13020424 (base 5) to base 7
-1034260
Convert -733542 (base 15) to base 14.
-a2891a
What is 10011101001011111 (base 2) in base 4?
103221133
Convert 233211023 (base 4) to base 10.
194891
What is 3111001133 (base 4) in base 16?
d505f
What is e52cc1 (base 15) in base 4?
221203222312
What is 4424142 (base 5) in base 2?
10010101111111101
Convert 199410a (base 11) to base 3.
20022121122102
Convert -14355266 (base 7) to base 3.
-2120000102002
24a584 (base 11) to base 14
a3b8d
3c443a (base 13) to base 2
101100101111100001100
What is -1362a7 (base 11) in base 10?
-213319
-d0c09 (base 16) to base 11
-534458
What is -1015335 (base 6) in base 7?
-263222
What is 10266041 (base 7) in base 14?
18a558
What is -84b (base 12) in base 11?
-a01
What is -42230214 (base 6) in base 12?
-4b536a
Convert 312554 (base 6) to base 12.
1275a
What is -110553041 (base 7) in base 6?
-355143042
3121131023 (base 4) to base 7
10366535
Convert 7640a (base 14) to base 9.
475486
What is -2b858 (base 13) in base 5?
-10121324
790253 (base 11) to base 7
13463540
-202334 (base 10) to base 14
-53a46
-622784 (base 9) to base 8
-1321555
Convert 15845321 (base 9) to base 7.
124340416
What is -5547301 (base 8) in base 4?
-11230323001
What is -103c75 (base 15) in base 4?
-2330203112
-10144200 (base 5) to base 15
-19ea0
Convert -8683624 (base 9) to base 15.
-62108a
Convert a4985 (base 14) to base 6.
12302013
What is -1111012121210 (base 3) in base 12?
-321bb6
What is -2225114 (base 7) in base 10?
-275489
-2477465 (base 8) to base 15
-d8c6a
-2727235 (base 10) to base 13
-746464
Convert 1000110222111 (base 3) to base 10.
540904
-34234123 (base 6) to base 2
-11111111100100000011
1011110000111001011 (base 2) to base 8
1360713
Convert 1a76d1 (base 14) to base 3.
1202212221022
Convert -10977b (base 14) to base 15.
-b21a1
Convert -1202536 (base 9) to base 14.
-12d591
-4552206 (base 9) to base 16
-257790
What is 20076412 (base 9) in base 16?
92bcbe
-1002011222121 (base 3) to base 11
-36264a
3794bf (base 16) to base 9
6761577
3625300 (base 9) to base 3
10200212100000
-6206d (base 15) to base 10
